{"id":59,"date":"2019-03-18T15:39:45","date_gmt":"2019-03-18T14:39:45","guid":{"rendered":"http:\/\/trekycimes.com\/?page_id=59"},"modified":"2025-12-21T08:59:07","modified_gmt":"2025-12-21T07:59:07","slug":"portrait","status":"publish","type":"page","link":"http:\/\/trekycimes.com\/index.php\/portrait\/","title":{"rendered":"Portrait"},"content":{"rendered":"<div class=\"wp-block-image\">\n<figure class=\"alignleft is-resized\"><img loading=\"lazy\" decoding=\"async\" width=\"721\" height=\"1024\" src=\"http:\/\/trekycimes.com\/wp-content\/uploads\/2019\/03\/portrait-2018-721x1024.jpg\" alt=\"\" class=\"wp-image-146\" style=\"width:170px;height:241px\" srcset=\"http:\/\/trekycimes.com\/wp-content\/uploads\/2019\/03\/portrait-2018-721x1024.jpg 721w, http:\/\/trekycimes.com\/wp-content\/uploads\/2019\/03\/portrait-2018-211x300.jpg 211w, http:\/\/trekycimes.com\/wp-content\/uploads\/2019\/03\/portrait-2018-768x1091.jpg 768w, http:\/\/trekycimes.com\/wp-content\/uploads\/2019\/03\/portrait-2018.jpg 874w\" sizes=\"(max-width: 721px) 100vw, 721px\" \/><\/figure><\/div>\n\n\n<p>Pauline PRETET est depuis toujours <strong>passionn\u00e9e de montagne et de grands espaces<\/strong>. Elle parcours depuis petite les sentiers et les falaises de Haute-Savoie. Elle est aujourd\u2019hui <strong>monitrice d\u2019escalade et accompagnatrice en montagne.<\/strong><\/p>\n\n\n\n<p>Voyageuse infatigable, c\u2019est au cours de ses 4 derni\u00e8res ann\u00e9es universitaires qu\u2019elle se sp\u00e9cialise sur le <strong>N\u00e9pal<\/strong>. D\u00e8s 2003, elle s\u2019envole vers cette terre o\u00f9 se m\u00ealent bouddhisme et hindouisme et rencontre les acteurs indispensables \u00e0 la vie touristique en montagne : <strong>les porteurs<\/strong>. <br>Son m\u00e9moire de <strong>ma\u00eetrise universitaire d\u2019ethnologie<\/strong> portera sur l\u2019\u00e9volution de leur vie depuis les premi\u00e8res arriv\u00e9es touristiques au N\u00e9pal il y a 50 ans. <br>Chaque ann\u00e9e, ses longs s\u00e9jours sur place lui permettent d\u2019approfondir ses connaissances sur ce pays et ces habitants et de s\u2019initier au <strong>n\u00e9pali<\/strong> (langue officielle du pays), qu\u2019elle parle couramment aujourd\u2019hui.<\/p>\n\n\n\n<p>Depuis plusieurs ann\u00e9es, elle partage sa passion du N\u00e9pal au rythme d\u2019expositions de photos, de conf\u00e9rences appuy\u00e9es d\u2019un film et de discussions autour d\u2019un th\u00e9 n\u00e9palais. <\/p>\n\n\n\n<p>Chaque ann\u00e9e depuis 2007, Pauline vous propose des <strong>voyages hors norme au N\u00e9pal<\/strong> pour d\u00e9couvrir le peuple n\u00e9palais et le pays dans lequel ils vivent.<\/p>\n","protected":false},"excerpt":{"rendered":"<p>Pauline PRETET est depuis toujours passionn\u00e9e de montagne et de grands espaces. Elle parcours depuis petite les sentiers et les falaises de Haute-Savoie. Elle est aujourd\u2019hui monitrice d\u2019escalade et accompagnatrice <a class=\"more-link\" href=\"http:\/\/trekycimes.com\/index.php\/portrait\/\">Continue Reading &rarr;<\/a><\/p>\n","protected":false},"author":1,"featured_media":0,"parent":0,"menu_order":0,"comment_status":"closed","ping_status":"closed","template":"","meta":{"footnotes":""},"_links":{"self":[{"href":"http:\/\/trekycimes.com\/index.php\/wp-json\/wp\/v2\/pages\/59"}],"collection":[{"href":"http:\/\/trekycimes.com\/index.php\/wp-json\/wp\/v2\/pages"}],"about":[{"href":"http:\/\/trekycimes.com\/index.php\/wp-json\/wp\/v2\/types\/page"}],"author":[{"embeddable":true,"href":"http:\/\/trekycimes.com\/index.php\/wp-json\/wp\/v2\/users\/1"}],"replies":[{"embeddable":true,"href":"http:\/\/trekycimes.com\/index.php\/wp-json\/wp\/v2\/comments?post=59"}],"version-history":[{"count":7,"href":"http:\/\/trekycimes.com\/index.php\/wp-json\/wp\/v2\/pages\/59\/revisions"}],"predecessor-version":[{"id":640,"href":"http:\/\/trekycimes.com\/index.php\/wp-json\/wp\/v2\/pages\/59\/revisions\/640"}],"wp:attachment":[{"href":"http:\/\/trekycimes.com\/index.php\/wp-json\/wp\/v2\/media?parent=59"}],"curies":[{"name":"wp","href":"https:\/\/api.w.org\/{rel}","templated":true}]}}

<div class="wp-block-image">
<figure class="alignleft is-resized"><img loading="lazy" decoding="async" width="721" height="1024" src="http://trekycimes.com/wp-content/uploads/2019/03/portrait-2018-721x1024.jpg" alt="" class="wp-image-146" style="width:170px;height:241px" srcset="http://trekycimes.com/wp-content/uploads/2019/03/portrait-2018-721x1024.jpg 721w, http://trekycimes.com/wp-content/uploads/2019/03/portrait-2018-211x300.jpg 211w, http://trekycimes.com/wp-content/uploads/2019/03/portrait-2018-768x1091.jpg 768w, http://trekycimes.com/wp-content/uploads/2019/03/portrait-2018.jpg 874w" sizes="(max-width: 721px) 100vw, 721px" /></figure></div>


<p>Pauline PRETET est depuis toujours <strong>passionnée de montagne et de grands espaces</strong>. Elle parcours depuis petite les sentiers et les falaises de Haute-Savoie. Elle est aujourd’hui <strong>monitrice d’escalade et accompagnatrice en montagne.</strong></p>



<p>Voyageuse infatigable, c’est au cours de ses 4 dernières années universitaires qu’elle se spécialise sur le <strong>Népal</strong>. Dès 2003, elle s’envole vers cette terre où se mêlent bouddhisme et hindouisme et rencontre les acteurs indispensables à la vie touristique en montagne : <strong>les porteurs</strong>. <br>Son mémoire de <strong>maîtrise universitaire d’ethnologie</strong> portera sur l’évolution de leur vie depuis les premières arrivées touristiques au Népal il y a 50 ans. <br>Chaque année, ses longs séjours sur place lui permettent d’approfondir ses connaissances sur ce pays et ces habitants et de s’initier au <strong>népali</strong> (langue officielle du pays), qu’elle parle couramment aujourd’hui.</p>



<p>Depuis plusieurs années, elle partage sa passion du Népal au rythme d’expositions de photos, de conférences appuyées d’un film et de discussions autour d’un thé népalais. </p>



<p>Chaque année depuis 2007, Pauline vous propose des <strong>voyages hors norme au Népal</strong> pour découvrir le peuple népalais et le pays dans lequel ils vivent.</p>

<p>Pauline PRETET est depuis toujours passionnée de montagne et de grands espaces. Elle parcours depuis petite les sentiers et les falaises de Haute-Savoie. Elle est aujourd’hui monitrice d’escalade et accompagnatrice <a class="more-link" href="http://trekycimes.com/index.php/portrait/">Continue Reading &rarr;</a></p>
