{"id":625,"date":"2025-01-13T10:09:41","date_gmt":"2025-01-13T09:09:41","guid":{"rendered":"https:\/\/trekycimes.com\/?page_id=625"},"modified":"2025-01-13T10:58:00","modified_gmt":"2025-01-13T09:58:00","slug":"herboristerie","status":"publish","type":"page","link":"http:\/\/trekycimes.com\/index.php\/herboristerie\/","title":{"rendered":"Herboristerie"},"content":{"rendered":"\n<p><strong>Tisanes \u00ab\u00a0Art\u00e9misia\u00a0\u00bb de la vall\u00e9e du Giffre.<\/strong><\/p>\n\n\n\n<p><strong>Toutes les plantes de mes tisanes sont sauvages<\/strong>, elles sont <strong>cueillies avec respect<\/strong> de la ressource naturelle et proviennent de lieux d&rsquo;<strong>alpages<\/strong> non pollu\u00e9s. Ces plantes poussent en abondance dans leur milieu naturel ce qui leur conf\u00e8re une force vitale, des min\u00e9raux et <strong>principes actifs de qualit\u00e9<\/strong>.<br>Je les r\u00e9colte \u00e0 la main puis je les s\u00e8che sur des tamis dans une pi\u00e8ce-s\u00e9choir ventil\u00e9e et sombre, afin de garder toutes leurs propri\u00e9t\u00e9s.<br>Je pr\u00e9pare des <strong>m\u00e9langes<\/strong> qui vous apporteront toute la diversit\u00e9 des plantes pour un bien \u00eatre pr\u00e9cis. <strong>Tisane plaisir ou tisane m\u00e9dicinale<\/strong>, je pr\u00e9pare les sachets au fur et \u00e0 mesure pour les adapter au mieux.<br>N&rsquo;h\u00e9sitez pas \u00e0 me demander un m\u00e9lange pr\u00e9cis. Envoi possible.<br>Tarifs : 5\u20ac le sachet de 20g \/ 8\u20ac le sachet de 50g<\/p>\n\n\n\n<figure class=\"wp-block-image size-large\"><img loading=\"lazy\" decoding=\"async\" width=\"1024\" height=\"768\" src=\"https:\/\/trekycimes.com\/wp-content\/uploads\/2025\/01\/tisanes-3-1024x768.jpg\" alt=\"\" class=\"wp-image-630\" srcset=\"http:\/\/trekycimes.com\/wp-content\/uploads\/2025\/01\/tisanes-3-1024x768.jpg 1024w, http:\/\/trekycimes.com\/wp-content\/uploads\/2025\/01\/tisanes-3-300x225.jpg 300w, http:\/\/trekycimes.com\/wp-content\/uploads\/2025\/01\/tisanes-3-768x576.jpg 768w, http:\/\/trekycimes.com\/wp-content\/uploads\/2025\/01\/tisanes-3-1536x1152.jpg 1536w, http:\/\/trekycimes.com\/wp-content\/uploads\/2025\/01\/tisanes-3.jpg 1600w\" sizes=\"(max-width: 1024px) 100vw, 1024px\" \/><\/figure>\n\n\n\n<p><strong>Conseils en herboristerie.<\/strong><br>Form\u00e9e \u00e0 l&rsquo;Ecole Lyonnaise des Plantes M\u00e9dicinales, je vous propose un conseil personnalis\u00e9 pour prendre en main votre sant\u00e9 et comprendre les m\u00e9canismes de l&rsquo;installation des maladies pour mieux les soigner et surtout mieux les \u00e9viter.<br>S\u00e9ance de 45 min (entretien individuel + conseil). Tarifs et rdv sur demande.<\/p>\n","protected":false},"excerpt":{"rendered":"<p>Tisanes \u00ab\u00a0Art\u00e9misia\u00a0\u00bb de la vall\u00e9e du Giffre. Toutes les plantes de mes tisanes sont sauvages, elles sont cueillies avec respect de la ressource naturelle et proviennent de lieux d&rsquo;alpages non <a class=\"more-link\" href=\"http:\/\/trekycimes.com\/index.php\/herboristerie\/\">Continue Reading &rarr;<\/a><\/p>\n","protected":false},"author":1,"featured_media":0,"parent":0,"menu_order":0,"comment_status":"closed","ping_status":"closed","template":"","meta":{"footnotes":""},"_links":{"self":[{"href":"http:\/\/trekycimes.com\/index.php\/wp-json\/wp\/v2\/pages\/625"}],"collection":[{"href":"http:\/\/trekycimes.com\/index.php\/wp-json\/wp\/v2\/pages"}],"about":[{"href":"http:\/\/trekycimes.com\/index.php\/wp-json\/wp\/v2\/types\/page"}],"author":[{"embeddable":true,"href":"http:\/\/trekycimes.com\/index.php\/wp-json\/wp\/v2\/users\/1"}],"replies":[{"embeddable":true,"href":"http:\/\/trekycimes.com\/index.php\/wp-json\/wp\/v2\/comments?post=625"}],"version-history":[{"count":6,"href":"http:\/\/trekycimes.com\/index.php\/wp-json\/wp\/v2\/pages\/625\/revisions"}],"predecessor-version":[{"id":633,"href":"http:\/\/trekycimes.com\/index.php\/wp-json\/wp\/v2\/pages\/625\/revisions\/633"}],"wp:attachment":[{"href":"http:\/\/trekycimes.com\/index.php\/wp-json\/wp\/v2\/media?parent=625"}],"curies":[{"name":"wp","href":"https:\/\/api.w.org\/{rel}","templated":true}]}}